
-1101011111100010
In base 6, what is -2 - 543323?
-543325
In base 4, what is -30302233301 + 1?
-30302233300
In base 13, what is 64 + -134c?
-12b8
In base 6, what is 5502411 - -3?
5502414
In base 9, what is 44 - -13152?
13206
In base 7, what is -32106 - -13?
-32063
In base 9, what is -2688 - 557?
-3356
In base 5, what is -1141214 - 23?
-1141242
In base 4, what is 3202232 - -12?
3202310
In base 2, what is -10010010001110110 - 10111?
-10010010010001101
In base 7, what is 23 - -3346?
3402
In base 16, what is e7f - 0?
e7f
In base 8, what is 3 - 113326?
-113323
In base 12, what is -4 - 14b7a5?
-14b7a9
In base 16, what is 30f + -22c?
e3
In base 12, what is 2 - -53098?
5309a
In base 4, what is 1 - -123000102?
123000103
In base 3, what is 10 - -112011002211?
112011002221
In base 7, what is -21 - 43545?
-43566
In base 5, what is 1114 - -32440?
34104
In base 2, what is 1 - -1010000110010?
1010000110011
In base 7, what is -3 + -552036?
-552042
In base 16, what is -28 + -2378?
-23a0
In base 11, what is -647 + 7a3?
157
In base 2, what is -101111 + -101100111100?
-101101101011
In base 3, what is 10 + -21011002110?
-21011002100
In base 10, what is -42 - -35712?
35670
In base 9, what is 252 - 3147?
-2785
In base 10, what is 1792039 + 0?
1792039
In base 11, what is a + 56378?
56387
In base 7, what is -136 + 50?
-56
In base 3, what is 110121011120101 + -1?
110121011120100
In base 11, what is -8 + 953?
946
In base 10, what is -76349 - -1?
-76348
In base 13, what is 31a15 - -4?
31a19
In base 2, what is -1001 - -1010100110?
1010011101
In base 3, what is 2011200010 - -12?
2011200022
In base 10, what is -147450 + 5?
-147445
In base 8, what is 1770 + 16?
2006
In base 14, what is 2 + -3b2?
-3b0
In base 8, what is 177 + -2417?
-2220
In base 13, what is 75 + 2379?
2421
In base 6, what is -305 - 124130?
-124435
In base 4, what is 10 - 211003303?
-211003233
In base 4, what is -2 - -1002112122?
1002112120
In base 14, what is -12 + -1167?
-1179
In base 10, what is -4 + -25635?
-25639
In base 8, what is -1 + 162531?
162530
In base 2, what is 10011010 - -111001101?
1001100111
In base 8, what is 1362 + -104?
1256
In base 14, what is 2 + -ca79?
-ca77
In base 7, what is 0 + 403226?
403226
In base 11, what is -5 + 497400?
4973a6
In base 7, what is -11432 - -6?
-11423
In base 6, what is -145 + 4424?
4235
In base 2, what is 1100111 - -101100?
10010011
In base 13, what is 120b - 17?
11c4
In base 14, what is -92c5a + 9?
-92c51
In base 11, what is -1404 + -71?
-1475
In base 10, what is -24316 - -6?
-24310
In base 10, what is -17 - 7129?
-7146
In base 3, what is -10 + 21101221101?
21101221021
In base 2, what is -10100011000000011 - -110?
-10100010111111101
In base 15, what is -7786 - -3?
-7783
In base 7, what is 23 - -3542?
3565
In base 14, what is -1 + 28b8?
28b7
In base 13, what is -61a6b - 2?
-61a70
In base 6, what is -1114454 - -25?
-1114425
In base 5, what is -340 - -102440?
102100
In base 4, what is 3 - -2122333003?
2122333012
In base 4, what is -1 - -32110213?
32110212
In base 5, what is 2302030 - -1?
2302031
In base 9, what is -16 - 361676?
-361703
In base 3, what is -2011 - -10210202?
10201121
In base 2, what is 10010110 - -1000001010010?
1000011101000
In base 2, what is -100 + -1000010010101?
-1000010011001
In base 11, what is 12a9 + 58?
1356
In base 8, what is 1 - -37564?
37565
In base 12, what is -97544b + -3?
-975452
In base 7, what is -604555 + 12?
-604543
In base 10, what is -97 - -13?
-84
In base 10, what is 6241 + -22?
6219
In base 6, what is 15034 - 15?
15015
In base 11, what is 24 + -a7606?
-a7592
In base 16, what is f0ad - -1?
f0ae
In base 9, what is 362110 - 2?
362107
In base 4, what is -10123021 + -31?
-10123112
In base 14, what is -b + -5139?
-5146
In base 15, what is -11 - 406e?
-4080
In base 6, what is 13023 - -233?
13300
In base 14, what is -5 - -429ad?
429a8
In base 14, what is 63 + -237?
-1b4
In base 13, what is 62c4 + -25?
629c
In base 9, what is -15 - 21724?
-21740
In base 4, what is 21 - 22201311?
-22201230
In base 11, what is -8 - 10841?
-10849
In base 7, what is 6020300 + 1?
6020301
In base 7, what is 65032156 - 0?
65032156
In base 16, what is 365b6 + -3?
365b3
In base 15, what is 4 - -daa3?
daa7
In base 4, what is 2 - -20223301?
20223303
In base 3, what is -1022211 - -2000100?
200112
In base 14, what is -13b5 + -b?
-13c2
In base 5, what is -103330234 - -12?
-103330222
In base 10, what is 10275 - 1?
10274
In base 13, what is -12555 - 17?
-1256c
In base 13, what is -100 + -22c?
-32c
In base 12, what is a32 - 16?
a18
In base 16, what is 5 - -15aea?
15aef
In base 6, what is 3 + -32533?
-32530
In base 7, what is -442 + -1461?
-2233
In base 16, what is -4 - -11c4bd?
11c4b9
In base 13, what is -13808 + 1?
-13807
In base 4, what is 3 - 123330133?
-123330130
In base 9, what is 16202 + 4?
16206
In base 3, what is -1010112 - -20102?
-220010
In base 5, what is 2 + 310044?
310101
In base 14, what is -180 - -15?
-169
In base 5, what is 42 - 1301404?
-1301312
In base 5, what is -3 + -1040144?
-1040202
In base 5, what is 21 - -31204202?
31204223
In base 5, what is -33434 + 10?
-33424
In base 9, what is 55 - 6051?
-5885
In base 9, what is 4 - -166747?
166752
In base 3, what is 1 - 110012212?
-110012211
In base 7, what is 10002 + -432?
6240
In base 2, what is 11001 - 100010110100011?
-100010110001010
In base 6, what is -4043341 - -3?
-4043334
In base 12, what is -9480 - 4?
-9484
In base 12, what is 6521a - 12?
65208
In base 11, what is 13851 + 3?
13854
In base 10, what is 2351216 + 4?
2351220
In base 14, what is -5 + -327a4?
-327a9
In base 7, what is 6 - 650106?
-650100
In base 8, what is 57143 + -2?
57141
In base 8, what is -5 - -22153?
22146
In base 3, what is 1010201 - 1210?
1001221
In base 2, what is -1010100110101 - -11010001?
-1010001100100
In base 9, what is -23 + -18502?
-18525
In base 2, what is -11011 + -10100000010000?
-10100000101011
In base 12, what is 140a + 5?
1413
In base 2, what is -11101101110010100 + 101?
-11101101110001111
In base 3, what is 121202221 + 122?
121210120
In base 9, what is 43236 + -12?
43224
In base 4, what is 31100122 - 10?
31100112
In base 8, what is 132 - -1173?
1325
In base 9, what is -3 + 3227?
3224
In base 7, what is 644100 + -6?
644061
In base 12, what is 2 + 285283?
285285
In base 15, what is -26 + -6b78?
-6b9e
In base 2, what is 11 - 10100010111011000101?
-10100010111011000010
In base 10, what is 3 - 56024?
-56021
In base 3, what is 11012221101 + -11?
11012221020
In base 10, what is 2002 - 12?
1990
In base 13, what is 42c - 28?
404
In base 12, what is 15522 + -96?
15448
In base 3, what is -111120120 - 12?
-111120202
In base 2, what is 10 - -10000110111111001000?
10000110111111001010
In base 3, what is 1 + -1220122?
-1220121
In base 5, what is -100114 - 3?
-100122
In base 6, what is 255503 + 225?
300132
In base 12, what is 8772b2 - 1?
8772b1
In base 4, what is 101 - 20300?
-20133
In base 15, what is -5 - -6523a?
65235
In base 16, what is 3e6e + 24?
3e92
In base 3, what is 0 + 1010020000?
1010020000
In base 7, what is 12 - -22265?
22310
In base 11, what is 1102 - -2a?
1131
In base 16, what is 9c4 + -1f4?
7d0
In base 8, what is 1 - 253237?
-253236
In base 15, what is -2a - -2302?
22c7
In base 12, what is 5933 - 5?
592a
In base 7, what is -363 + -4523?
-5216
In base 16, what is a11 + -8?
a09
In base 10, what is 404 + 327?
731
In base 6, what is 5 - -4255?
4304
In base 12, what is 3810 - -159?
3969
In base 4, what is 222122 - 1022?
221100
In base 14, what is 139b + -1?
139a
In base 8, what is 1624 - -2175?
4021
In base 13, what is 0 - 71c1?
-71c1
In base 7, what is -235533 - -5?
-235525
In base 4, what is 2002 + 1301?
3303
In base 3, what is -2111 - -112?
-1222
In base 12, what is 287a3 - 3?
287a0
In base 2, what is -100110110101100 - -11001?
-100110110010011
In base 16, what is 783 - -17?
79a
In base 11, what is -128640 - -12?
-128629
In base 11, what is -128990 + 1?
-12898a
In base 10, what is -58055 + 5?
-58050
In base 9, what is -13375545 + -5?
-13375551
In base 4, what is 10301303232 - 10?
10301303222
In base 9, what is 6 - 226816?
-226810
In base 6, what is 3335 - 10253?
-2514
In base 8, what is 6522 + -3?
6517
In base 3, what is 2001100 + 202?
2002002
In base 8, what is 332 - 351?
-17
In base 15, what is 1a2 - -4d?
200
I